[INFO] cloning repository https://github.com/LachlanArthur/TimeTrackerRust
[INFO] running `Command { std: "git" "-c" "credential.helper=" "-c" "credential.helper=/workspace/cargo-home/bin/git-credential-null" "clone" "--bare" "https://github.com/LachlanArthur/TimeTrackerRust" "/workspace/cache/git-repos/https%3A%2F%2Fgithub.com%2FLachlanArthur%2FTimeTrackerRust", kill_on_drop: false }`
[INFO] [stderr] Cloning into bare repository '/workspace/cache/git-repos/https%3A%2F%2Fgithub.com%2FLachlanArthur%2FTimeTrackerRust'...
[INFO] running `Command { std: "git" "rev-parse" "HEAD", kill_on_drop: false }`
[INFO] [stdout] 6986d452be4fb7e34cfe0d424fca7e1d59c6e743
[INFO] checking LachlanArthur/TimeTrackerRust against master#9610dfe5a9a731ced1ea4923ecbd0c57fe367898 for beta-170-4
[INFO] running `Command { std: "git" "clone" "/workspace/cache/git-repos/https%3A%2F%2Fgithub.com%2FLachlanArthur%2FTimeTrackerRust" "/workspace/builds/worker-6-tc1/source", kill_on_drop: false }`
[INFO] [stderr] Cloning into '/workspace/builds/worker-6-tc1/source'...
[INFO] [stderr] done.
[INFO] validating manifest of git repo https://github.com/LachlanArthur/TimeTrackerRust on toolchain 9610dfe5a9a731ced1ea4923ecbd0c57fe367898
[INFO] running `Command { std: CARGO_HOME="/workspace/cargo-home" RUSTUP_HOME="/workspace/rustup-home" "/workspace/cargo-home/bin/cargo" "+9610dfe5a9a731ced1ea4923ecbd0c57fe367898" "metadata" "--manifest-path" "Cargo.toml" "--no-deps", kill_on_drop: false }`
[INFO] started tweaking git repo https://github.com/LachlanArthur/TimeTrackerRust
[INFO] finished tweaking git repo https://github.com/LachlanArthur/TimeTrackerRust
[INFO] tweaked toml for git repo https://github.com/LachlanArthur/TimeTrackerRust written to /workspace/builds/worker-6-tc1/source/Cargo.toml
[INFO] crate git repo https://github.com/LachlanArthur/TimeTrackerRust already has a lockfile, it will not be regenerated
[INFO] running `Command { std: CARGO_HOME="/workspace/cargo-home" RUSTUP_HOME="/workspace/rustup-home" "/workspace/cargo-home/bin/cargo" "+9610dfe5a9a731ced1ea4923ecbd0c57fe367898" "fetch" "--manifest-path" "Cargo.toml", kill_on_drop: false }`
[INFO] [stderr]  Downloading crates ...
[INFO] [stderr]   Downloaded signal-hook v0.1.15
[INFO] running `Command { std: "docker" "create" "-v" "/var/lib/crater-agent-workspace/builds/worker-6-tc1/target:/opt/rustwide/target:rw,Z" "-v" "/var/lib/crater-agent-workspace/builds/worker-6-tc1/source:/opt/rustwide/workdir:ro,Z" "-v" "/var/lib/crater-agent-workspace/cargo-home:/opt/rustwide/cargo-home:ro,Z" "-v" "/var/lib/crater-agent-workspace/rustup-home:/opt/rustwide/rustup-home:ro,Z" "-e" "SOURCE_DIR=/opt/rustwide/workdir" "-e" "CARGO_TARGET_DIR=/opt/rustwide/target" "-e" "CARGO_HOME=/opt/rustwide/cargo-home" "-e" "RUSTUP_HOME=/opt/rustwide/rustup-home" "-w" "/opt/rustwide/workdir" "-m" "1610612736" "--user" "0:0" "--network" "none" "ghcr.io/rust-lang/crates-build-env/linux@sha256:19e73879b68f455e41552ea35293514db52ea292d993f571636dbffedb77a1ee" "/opt/rustwide/cargo-home/bin/cargo" "+9610dfe5a9a731ced1ea4923ecbd0c57fe367898" "metadata" "--no-deps" "--format-version=1", kill_on_drop: false }`
[INFO] [stdout] e930fa8131d4d6fcb02299d4f572bdc7815d5cb1ba329d6070af2a1945419000
[INFO] running `Command { std: "docker" "start" "-a" "e930fa8131d4d6fcb02299d4f572bdc7815d5cb1ba329d6070af2a1945419000", kill_on_drop: false }`
[INFO] running `Command { std: "docker" "inspect" "e930fa8131d4d6fcb02299d4f572bdc7815d5cb1ba329d6070af2a1945419000", kill_on_drop: false }`
[INFO] running `Command { std: "docker" "rm" "-f" "e930fa8131d4d6fcb02299d4f572bdc7815d5cb1ba329d6070af2a1945419000", kill_on_drop: false }`
[INFO] [stdout] e930fa8131d4d6fcb02299d4f572bdc7815d5cb1ba329d6070af2a1945419000
[INFO] running `Command { std: "docker" "create" "-v" "/var/lib/crater-agent-workspace/builds/worker-6-tc1/target:/opt/rustwide/target:rw,Z" "-v" "/var/lib/crater-agent-workspace/builds/worker-6-tc1/source:/opt/rustwide/workdir:ro,Z" "-v" "/var/lib/crater-agent-workspace/cargo-home:/opt/rustwide/cargo-home:ro,Z" "-v" "/var/lib/crater-agent-workspace/rustup-home:/opt/rustwide/rustup-home:ro,Z" "-e" "SOURCE_DIR=/opt/rustwide/workdir" "-e" "CARGO_TARGET_DIR=/opt/rustwide/target" "-e" "CARGO_INCREMENTAL=0" "-e" "RUST_BACKTRACE=full" "-e" "RUSTFLAGS=--cap-lints=forbid" "-e" "RUSTDOCFLAGS=--cap-lints=forbid" "-e" "CARGO_HOME=/opt/rustwide/cargo-home" "-e" "RUSTUP_HOME=/opt/rustwide/rustup-home" "-w" "/opt/rustwide/workdir" "-m" "1610612736" "--user" "0:0" "--network" "none" "ghcr.io/rust-lang/crates-build-env/linux@sha256:19e73879b68f455e41552ea35293514db52ea292d993f571636dbffedb77a1ee" "/opt/rustwide/cargo-home/bin/cargo" "+9610dfe5a9a731ced1ea4923ecbd0c57fe367898" "check" "--frozen" "--all" "--all-targets" "--message-format=json", kill_on_drop: false }`
[INFO] [stdout] 5a4fd38326d5fb9aea6b1fdf55e0452be0628909765265de1aa09133f0e00b24
[INFO] running `Command { std: "docker" "start" "-a" "5a4fd38326d5fb9aea6b1fdf55e0452be0628909765265de1aa09133f0e00b24", kill_on_drop: false }`
[INFO] [stderr]    Compiling libc v0.2.71
[INFO] [stderr]    Compiling proc-macro2 v1.0.18
[INFO] [stderr]    Compiling unicode-xid v0.2.0
[INFO] [stderr]    Compiling autocfg v1.0.0
[INFO] [stderr]    Compiling syn v1.0.30
[INFO] [stderr]    Compiling serde v1.0.111
[INFO] [stderr]    Compiling ryu v1.0.5
[INFO] [stderr]     Checking arc-swap v0.4.7
[INFO] [stderr]     Checking itoa v0.4.5
[INFO] [stderr]    Compiling num-traits v0.2.11
[INFO] [stderr]    Compiling num-integer v0.1.42
[INFO] [stderr]    Compiling quote v1.0.6
[INFO] [stderr]     Checking time v0.1.43
[INFO] [stderr]     Checking signal-hook-registry v1.2.0
[INFO] [stderr]     Checking dirs-sys v0.3.5
[INFO] [stderr]     Checking dirs v2.0.2
[INFO] [stderr]     Checking signal-hook v0.1.15
[INFO] [stderr]    Compiling serde_derive v1.0.111
[INFO] [stderr]     Checking chrono v0.4.11
[INFO] [stderr]     Checking serde_json v1.0.53
[INFO] [stderr]     Checking time_tracker v0.1.0 (/opt/rustwide/workdir)
[INFO] [stdout] error[E0433]: failed to resolve: could not find `windows` in `os`
[INFO] [stdout]   --> src/active_window.rs:28:15
[INFO] [stdout]    |
[INFO] [stdout] 28 |     use std::os::windows::ffi::OsStringExt;
[INFO] [stdout]    |                  ^^^^^^^ could not find `windows` in `os`
[INFO] [stdout] 
[INFO] [stdout] 
[INFO] [stdout] error[E0433]: failed to resolve: use of undeclared crate or module `winapi`
[INFO] [stdout]  --> src/idle_time.rs:3:6
[INFO] [stdout]   |
[INFO] [stdout] 3 |     use winapi::um::{
[INFO] [stdout]   |         ^^^^^^ use of undeclared crate or module `winapi`
[INFO] [stdout] 
[INFO] [stdout] 
[INFO] [stdout] error[E0433]: failed to resolve: use of undeclared crate or module `winapi`
[INFO] [stdout]  --> src/active_window.rs:2:5
[INFO] [stdout]   |
[INFO] [stdout] 2 | use winapi::{
[INFO] [stdout]   |     ^^^^^^ use of undeclared crate or module `winapi`
[INFO] [stdout] 
[INFO] [stdout] 
[INFO] [stdout] error[E0433]: failed to resolve: could not find `windows` in `os`
[INFO] [stdout]   --> src/active_window.rs:28:15
[INFO] [stdout]    |
[INFO] [stdout] 28 |     use std::os::windows::ffi::OsStringExt;
[INFO] [stdout]    |                  ^^^^^^^ could not find `windows` in `os`
[INFO] [stdout] 
[INFO] [stdout] 
[INFO] [stdout] error[E0433]: failed to resolve: use of undeclared crate or module `winapi`
[INFO] [stdout]  --> src/idle_time.rs:3:6
[INFO] [stdout]   |
[INFO] [stdout] 3 |     use winapi::um::{
[INFO] [stdout]   |         ^^^^^^ use of undeclared crate or module `winapi`
[INFO] [stdout] 
[INFO] [stdout] 
[INFO] [stdout] error[E0433]: failed to resolve: use of undeclared crate or module `winapi`
[INFO] [stdout]  --> src/active_window.rs:2:5
[INFO] [stdout]   |
[INFO] [stdout] 2 | use winapi::{
[INFO] [stdout]   |     ^^^^^^ use of undeclared crate or module `winapi`
[INFO] [stdout] 
[INFO] [stdout] 
[INFO] [stdout] error[E0599]: no function or associated item named `from_wide` found for struct `OsString` in the current scope
[INFO] [stdout]   --> src/active_window.rs:36:19
[INFO] [stdout]    |
[INFO] [stdout] 36 |     return OsString::from_wide( &title ).to_string_lossy().into_owned();
[INFO] [stdout]    |                      ^^^^^^^^^ function or associated item not found in `OsString`
[INFO] [stdout] 
[INFO] [stdout] 
[INFO] [stdout] error[E0599]: no function or associated item named `from_wide` found for struct `OsString` in the current scope
[INFO] [stdout]   --> src/active_window.rs:36:19
[INFO] [stdout]    |
[INFO] [stdout] 36 |     return OsString::from_wide( &title ).to_string_lossy().into_owned();
[INFO] [stdout]    |                      ^^^^^^^^^ function or associated item not found in `OsString`
[INFO] [stdout] 
[INFO] [stdout] 
[INFO] [stdout] error: aborting due to 4 previous errors
[INFO] [stdout] 
[INFO] [stdout] 
[INFO] [stdout] Some errors have detailed explanations: E0433, E0599.
[INFO] [stdout] 
[INFO] [stdout] For more information about an error, try `rustc --explain E0433`.
[INFO] [stdout] 
[INFO] [stdout] error: aborting due to 4 previous errors
[INFO] [stdout] 
[INFO] [stdout] 
[INFO] [stdout] Some errors have detailed explanations: E0433, E0599.
[INFO] [stdout] 
[INFO] [stdout] For more information about an error, try `rustc --explain E0433`.
[INFO] [stdout] 
[INFO] [stderr] error: could not compile `time_tracker` (bin "time_tracker" test) due to 5 previous errors
[INFO] [stderr] warning: build failed, waiting for other jobs to finish...
[INFO] [stderr] error: could not compile `time_tracker` (bin "time_tracker") due to 5 previous errors
[INFO] running `Command { std: "docker" "inspect" "5a4fd38326d5fb9aea6b1fdf55e0452be0628909765265de1aa09133f0e00b24", kill_on_drop: false }`
[INFO] running `Command { std: "docker" "rm" "-f" "5a4fd38326d5fb9aea6b1fdf55e0452be0628909765265de1aa09133f0e00b24", kill_on_drop: false }`
[INFO] [stdout] 5a4fd38326d5fb9aea6b1fdf55e0452be0628909765265de1aa09133f0e00b24
